{"id":1784,"date":"2024-07-09T14:56:11","date_gmt":"2024-07-09T14:56:11","guid":{"rendered":"https:\/\/urumi.fi\/auctionhouse\/?page_id=1784"},"modified":"2024-07-09T18:07:23","modified_gmt":"2024-07-09T18:07:23","slug":"kuntoluokitukset","status":"publish","type":"page","link":"https:\/\/urumi.fi\/auctionhouse\/kuntoluokitukset\/","title":{"rendered":"Kuntoluokitukset"},"content":{"rendered":"\n<p>Miten tuotteiden kunto m\u00e4\u00e4ritell\u00e4\u00e4n?<\/p>\n\n\n\n<p>S &#8211; Uusi<br>A &#8211; Erinomainen<br>B &#8211; Hyv\u00e4<br>C &#8211; Kohtalainen<br>D &#8211; Heikko<\/p>\n\n\n\n<p>Kuntoluokitus tehd\u00e4\u00e4n sek\u00e4 <strong>tuotteelle <\/strong>ett\u00e4 <strong>pakkaukselle<\/strong>. Mit\u00e4 paremmassa kunnossa tuote ja sen pakkaus ovat, sit\u00e4 arvokkaampi tuote on. Huomioithan, ett\u00e4 viat lasketaan yhteen eli jos tuotteessa on esimerkiksi paljon pieni\u00e4 naarmuja, sen kuntoluokitus laskee.<br>Huomioithan, ett\u00e4 k\u00e4ytetyiss\u00e4 figuureissa niiden nivelet l\u00f6ystyv\u00e4t k\u00e4yt\u00f6n mukana. T\u00e4m\u00e4 koskee my\u00f6s koottavia figuureita eli niiden liitokset voivat l\u00f6ysty\u00e4 kokoamisten my\u00f6t\u00e4. Monissa figuureissa muovi alkaa my\u00f6s &#8221;hikoilla&#8221; vuosien aikana. Se on normaalia ja johtuu muovin reagoimisesta ilman ja l\u00e4mm\u00f6n kanssa. Joskus pinnan voi puhdistaa, useimmiten ei.<\/p>\n\n\n\n<p><strong>S &#8211; Uusi<\/strong><br><strong>Pakkaus:<\/strong> K\u00e4yt\u00e4nn\u00f6ss\u00e4 kaikki uudetkaan pakkaukset eiv\u00e4t ole kunnoltaan S-luokkaa. S-luokasta tiputtaa pois kulmien kuluminen, taitokset tai muovin repe\u00e4minen.<br><strong>Tuote:<\/strong> Pakkaus mahdollisesti avattu, mutta tuotetta ei ole koskaan otettu pois pakkauksen sis\u00e4lt\u00e4.<br>Kirjoissa muoveja ei ole poistettu tai kirjassa ei ole mit\u00e4\u00e4n kulumaa, ei edes pieni\u00e4 naarmuja kannessa. Pehmoissa alkuper\u00e4inen pahvinen copyright-lappu mukana eik\u00e4 kulumaa tai p\u00f6lyyntymist\u00e4.<\/p>\n\n\n\n<p><strong>A &#8211; Erinomainen<\/strong><br><strong>Pakkaus: <\/strong>Pakkauksessa voi olla kuluneet nurkat tai pieni\u00e4 naarmuja. Ei painaumia eik\u00e4 irronneita muoveja.<br><strong>Tuote: <\/strong>Pakkaus on avattu ja tuote on ollut esill\u00e4. Tuotteessa ei ole naarmuja tai siin\u00e4 on muutama, huomaamattomalla paikalla oleva naarmu. Kaikki osat tallessa.<\/p>\n\n\n\n<figure class=\"wp-block-image size-large\"><img fetchpriority=\"high\" decoding=\"async\" width=\"1024\" height=\"576\" src=\"https:\/\/urumi.fi\/auctionhouse\/wp-content\/uploads\/2024\/07\/Esimerkkinaarmuja-1024x576.jpg\" alt=\"Esimerkkikuvia naarmuuntuneista figuureista.\" class=\"wp-image-1829\" srcset=\"https:\/\/urumi.fi\/auctionhouse\/wp-content\/uploads\/2024\/07\/Esimerkkinaarmuja-1024x576.jpg 1024w, https:\/\/urumi.fi\/auctionhouse\/wp-content\/uploads\/2024\/07\/Esimerkkinaarmuja-300x169.jpg 300w, https:\/\/urumi.fi\/auctionhouse\/wp-content\/uploads\/2024\/07\/Esimerkkinaarmuja-768x432.jpg 768w, https:\/\/urumi.fi\/auctionhouse\/wp-content\/uploads\/2024\/07\/Esimerkkinaarmuja-1536x864.jpg 1536w, https:\/\/urumi.fi\/auctionhouse\/wp-content\/uploads\/2024\/07\/Esimerkkinaarmuja-600x338.jpg 600w, https:\/\/urumi.fi\/auctionhouse\/wp-content\/uploads\/2024\/07\/Esimerkkinaarmuja.jpg 1680w\" sizes=\"(max-width: 1024px) 100vw, 1024px\" \/><figcaption class=\"wp-element-caption\">Naarmut laskevat figuurin arvoa. Naarmuissa vaikuttaa eniten niiden sijainti: n\u00e4kyv\u00e4ll\u00e4 paikalla oleva naarmu, laskee arvoa enemm\u00e4n kuin huomaamattomassa kohdassa oleva.<\/figcaption><\/figure>\n\n\n\n<p><strong>B &#8211; Hyv\u00e4<\/strong><br><strong>Pakkaus:<\/strong> Pakkauksessa voi olla enemm\u00e4n kulumaa tai isompia naarmuja. Se voi olla painunut sis\u00e4\u00e4n tai siististi litistetty.<br><strong>Tuote:<\/strong> Pakkaus on avattu ja tuote on ollut esill\u00e4. Siin\u00e4 on selke\u00e4sti n\u00e4kyvi\u00e4 naarmuja, tahroja tai kulumaa. Kaikki t\u00e4rkeimm\u00e4t osat tallessa.<\/p>\n\n\n\n<p><strong>C &#8211; Kohtalainen<\/strong><br><strong>Pakkaus:<\/strong> Pakkaus on todella kulunut tai naarmuuntunut. Siin\u00e4 voi olla reikki\u00e4 tai se on haalistunut.<br><strong>Tuote:<\/strong> Tuotteessa on paljon naarmuja tai tahroja. Se voi olla osittain rikki, mutta melko helposti korjattavissa. Osia puuttuu.<\/p>\n\n\n\n<p><strong>D &#8211; Heikko<\/strong><br><strong>Pakkaus:<\/strong> Pakkaus on todella kulunut ja pysyy kasassa vain teipill\u00e4.<br><strong>Tuote: <\/strong>Tuotteessa on paljon naarmuja tai tahroja, n\u00e4kyvill\u00e4 ja h\u00e4iritsevill\u00e4 paikoilla. Rikkoutunut niin, ett\u00e4 sit\u00e4 ei voi pit\u00e4\u00e4 normaalisti esill\u00e4 ilman huomattavaa korjaamista. Osia puuttuu.<\/p>\n\n\n\n<p><strong>Mitk\u00e4 muut asiat voivat vaikuttaa tuotteen luokitukseen?<\/strong><\/p>\n\n\n\n<ul class=\"wp-block-list\">\n<li>Haalistuminen auringossa<\/li>\n\n\n\n<li>Haju (esim. tupakka tai voimakas pesuaine)<\/li>\n\n\n\n<li>Tahrat tai kulunut pinta<\/li>\n<\/ul>\n\n\n\n<p><strong>Jos kirja on p\u00e4\u00e4llystetty, laskeeko sen kuntoluokitus?<\/strong><br>Kyll\u00e4, kirjan p\u00e4\u00e4llyst\u00e4minen laskee heti kuntoluokitusta.<\/p>\n\n\n\n<p><strong>Mik\u00e4 on kirjaston poistokirjojen kuntoluokitus?<\/strong><br>Kirjaston poistot ovat joko kohtalainen- tai heikko -kohdassa.<\/p>\n","protected":false},"excerpt":{"rendered":"<p>Miten tuotteiden kunto m\u00e4\u00e4ritell\u00e4\u00e4n? S &#8211; UusiA &#8211; ErinomainenB &#8211; Hyv\u00e4C &#8211; KohtalainenD &#8211; Heikko Kuntoluokitus tehd\u00e4\u00e4n sek\u00e4 tuotteelle ett\u00e4 pakkaukselle. Mit\u00e4 paremmassa kunnossa tuote ja sen pakkaus ovat, sit\u00e4 arvokkaampi tuote on. Huomioithan, ett\u00e4 viat lasketaan yhteen eli jos tuotteessa on esimerkiksi paljon pieni\u00e4 naarmuja, sen kuntoluokitus laskee.Huomioithan, ett\u00e4 k\u00e4ytetyiss\u00e4 figuureissa niiden nivelet l\u00f6ystyv\u00e4t [&hellip;]<\/p>\n","protected":false},"author":1,"featured_media":0,"parent":0,"menu_order":0,"comment_status":"closed","ping_status":"closed","template":"","meta":{"footnotes":""},"class_list":["post-1784","page","type-page","status-publish","hentry"],"_links":{"self":[{"href":"https:\/\/urumi.fi\/auctionhouse\/wp-json\/wp\/v2\/pages\/1784","targetHints":{"allow":["GET"]}}],"collection":[{"href":"https:\/\/urumi.fi\/auctionhouse\/wp-json\/wp\/v2\/pages"}],"about":[{"href":"https:\/\/urumi.fi\/auctionhouse\/wp-json\/wp\/v2\/types\/page"}],"author":[{"embeddable":true,"href":"https:\/\/urumi.fi\/auctionhouse\/wp-json\/wp\/v2\/users\/1"}],"replies":[{"embeddable":true,"href":"https:\/\/urumi.fi\/auctionhouse\/wp-json\/wp\/v2\/comments?post=1784"}],"version-history":[{"count":2,"href":"https:\/\/urumi.fi\/auctionhouse\/wp-json\/wp\/v2\/pages\/1784\/revisions"}],"predecessor-version":[{"id":1832,"href":"https:\/\/urumi.fi\/auctionhouse\/wp-json\/wp\/v2\/pages\/1784\/revisions\/1832"}],"wp:attachment":[{"href":"https:\/\/urumi.fi\/auctionhouse\/wp-json\/wp\/v2\/media?parent=1784"}],"curies":[{"name":"wp","href":"https:\/\/api.w.org\/{rel}","templated":true}]}}